and 4512?
3
Calculate the greatest common factor of 225 and 875.
25
Calculate the highest common factor of 645 and 45.
15
What is the highest common factor of 78 and 26?
26
Calculate the highest common factor of 288 and 12.
12
What is the highest common divisor of 158 and 474?
158
What is the highest common factor of 1120 and 400?
80
Calculate the highest common factor of 19 and 5339.
19
What is the highest common divisor of 104 and 1612?
52
Calculate the greatest common factor of 12453 and 189.
21
Calculate the greatest common divisor of 14 and 112.
14
What is the highest common factor of 37 and 999?
37
What is the greatest common divisor of 1073 and 74?
37
What is the highest common factor of 33 and 176?
11
Calculate the highest common factor of 1159 and 38.
19
What is the highest common factor of 18 and 96?
6
What is the greatest common divisor of 72 and 45?
9
Calculate the greatest common divisor of 102 and 3111.
51
What is the highest common factor of 1711 and 29?
29
What is the highest common factor of 12 and 5916?
12
Calculate the greatest common divisor of 148 and 296.
148
Calculate the highest common divisor of 672 and 384.
96
What is the greatest common factor of 432 and 702?
54
What is the highest common factor of 2418 and 624?
78
Calculate the greatest common factor of 1020 and 272.
68
What is the greatest common factor of 530 and 424?
106
What is the greatest common factor of 2 and 51?
1
What is the greatest common factor of 110 and 10?
10
Calculate the greatest common divisor of 382 and 10.
2
What is the greatest common factor of 48 and 472?
8
Calculate the highest common factor of 18 and 2.
2
Calculate the highest common divisor of 255 and 2445.
15
What is the highest common divisor of 6985 and 165?
55
What is the highest common factor of 321 and 749?
107
Calculate the highest common factor of 228 and 11229.
57
What is the highest common divisor of 7 and 2?
1
Calculate the greatest common divisor of 291 and 3.
3
Calculate the highest common factor of 24 and 1128.
24
Calculate the greatest common divisor of 10209 and 498.
249
Calculate the highest common divisor of 474 and 6.
6
What is the highest common factor of 1085 and 3565?
155
Calculate the highest common factor of 164 and 12.
4
What is the highest common divisor of 17 and 1003?
17
What is the highest common divisor of 68 and 1700?
68
Calculate the greatest common divisor of 39 and 390.
39
Calculate the greatest common divisor of 1712 and 16.
16
What is the highest common divisor of 966 and 42?
42
Calculate the greatest common divisor of 40 and 2400.
40
What is the greatest common divisor of 1375 and 125?
125
What is the highest common factor of 413 and 1593?
59
What is the highest common factor of 37 and 1961?
37
Calculate the highest common divisor of 144 and 1680.
48
What is the greatest common factor of 38 and 2679?
19
What is the greatest common divisor of 2284 and 4?
4
What is the highest common factor of 2185 and 2660?
95
Calculate the highest common factor of 55 and 55.
55
What is the highest common divisor of 106 and 742?
106
Calculate the greatest common factor of 459 and 119.
17
Calculate the highest common divisor of 495 and 1551.
33
What is the highest common divisor of 2 and 19?
1
What is the highest common divisor of 1363 and 1316?
47
Calculate the highest common factor of 286 and 55.
11
What is the highest common factor of 200 and 640?
40
What is the highest common divisor of 22 and 1001?
11
What is the greatest common factor of 5 and 275?
5
Calculate the highest common factor of 4849 and 26.
13
What is the greatest common divisor of 714 and 3150?
42
Calculate the highest common divisor of 571 and 1.
1
Calculate the greatest common factor of 1930 and 1.
1
What is the greatest common factor of 128 and 56?
8
Calculate the highest common factor of 450 and 50.
50
Calculate the greatest common factor of 9933 and 43.
43
What is the greatest common divisor of 1225 and 98?
49
What is the greatest common factor of 360 and 1640?
40
What is the greatest common factor of 3452 and 4?
4
What is the greatest common divisor of 18 and 486?
18
What is the highest common factor of 183 and 3?
3
Calculate the greatest common factor of 323 and 136.
17
Calculate the greatest common factor of 1 and 8.
1
Calculate the greatest common divisor of 121 and 1331.
121
What is the greatest common divisor of 54 and 48?
6
What is the greatest common factor of 40 and 3740?
20
What is the greatest common divisor of 168 and 56?
56
Calculate the greatest common factor of 1625 and 715.
65
Calculate the highest common divisor of 17 and 68.
17
Calculate the highest common factor of 18 and 5409.
9
Calculate the highest common divisor of 1360 and 160.
80
Calculate the highest common divisor of 134 and 4.
2
Calculate the highest common factor of 60 and 4170.
30
Calculate the highest common factor of 11 and 499.
1
Calculate the highest common divisor of 28 and 126.
14
What is the greatest common factor of 225 and 10675?
25
Calculate the highest common factor of 27 and 576.
9
Calculate the greatest common factor of 94 and 470.
94
Calculate the greatest common divisor of 1829 and 31.
31
What is the greatest common divisor of 10 and 35330?
10
Calculate the greatest common factor of 117 and 1443.
39
Calculate the greatest common factor of 12682 and 102.
34
Calculate the greatest common factor of 1701 and 28.
7
Calculate the highest common divisor of 13919 and 62.
31
Calculate the highest common divisor of 60 and 18.
6
What is the greatest common factor of 224 and 7?
7
Calculate the greatest common factor of 332 and 1411.
83
What is the highest common factor of 9 and 819?
9
What is the highest common factor of 2606 and 6?
2
Calculate the greatest common divisor of 3417 and 51.
51
What is the greatest common factor of 1222 and 940?
94
Calculate the greatest common factor of 70 and 805.
35
What is the highest common divisor of 36 and 56?
4
Calculate the highest common factor of 416 and 39.
13
Calculate the highest common factor of 23 and 1242.
23
What is the greatest common divisor of 69 and 483?
69
What is the greatest common divisor of 25870 and 130?
130
What is the highest common divisor of 424 and 8?
8
Calculate the highest common factor of 120 and 16.
8
Calculate the highest common factor of 15 and 33.
3
What is the greatest common divisor of 2176 and 5168?
272
What is the greatest common divisor of 6708 and 312?
156
What is the greatest common divisor of 25245 and 22?
11
Calculate the highest common divisor of 328 and 533.
41
Calculate the greatest common divisor of 1024 and 5888.
256
Calculate the highest common divisor of 72 and 972.
36
Calculate the greatest common factor of 80 and 25.
5
What is the greatest common divisor of 18 and 279?
9
Calculate the highest common factor of 83 and 581.
83
What is the highest common divisor of 4116 and 3234?
294
Calculate the highest common divisor of 253 and 2013.
11
What is the greatest common divisor of 19922 and 14?
14
Calculate the greatest common divisor of 180 and 1830.
30
Calculate the highest common divisor of 377 and 667.
29
Calculate the greatest common factor of 736 and 280.
8
Calculate the highest common factor of 22304 and 170.
34
What is the highest common factor of 1043 and 7?
7
Calculate the highest common factor of 65 and 377.
13
Calculate the greatest common factor of 1460 and 20.
20
What is the greatest common factor of 63 and 231?
21
Calculate the highest common factor of 1023 and 198.
33
Calculate the greatest common factor of 156 and 104.
52
What is the highest common factor of 324 and 44?
4
Calculate the greatest common divisor of 13 and 299.
13
Calculate the highest common factor of 570 and 1083.
57
What is the greatest common factor of 711 and 1343?
79
Calculate the highest common divisor of 3990 and 120.
30
What is the highest common factor of 348 and 19923?
87
What is the greatest common factor of 20 and 5060?
20
Calculate the greatest common divisor of 16 and 1648.
16
What is the highest common factor of 1856 and 80?
16
What is the greatest common divisor of 24 and 3960?
24
Calculate the highest common factor of 89 and 445.
89
Calculate the greatest common divisor of 1532 and 4.
4
Calculate the greatest common divisor of 264 and 3